 base 5.
-332
What is 3 (base 4) in base 6?
3
Convert -21120 (base 3) to base 15.
-d9
Convert -1011110 (base 2) to base 12.
-7a
What is -21 (base 12) in base 4?
-121
Convert -113 (base 4) to base 15.
-18
Convert 4 (base 6) to base 14.
4
Convert -4 (base 16) to base 6.
-4
6 (base 10) to base 4
12
-9 (base 13) to base 9
-10
-1e (base 15) to base 2
-11101
7 (base 9) to base 12
7
110 (base 2) to base 11
6
What is -1001101 (base 2) in base 3?
-2212
Convert -20 (base 14) to base 10.
-28
Convert 15 (base 10) to base 7.
21
Convert -6 (base 8) to base 4.
-12
-233 (base 8) to base 13
-bc
1 (base 11) to base 14
1
Convert 12 (base 9) to base 10.
11
Convert 28 (base 15) to base 12.
32
Convert 6 (base 12) to base 15.
6
What is 13 (base 4) in base 15?
7
5 (base 10) to base 12
5
Convert 2 (base 10) to base 13.
2
What is -10001 (base 2) in base 12?
-15
36 (base 16) to base 4
312
Convert -3 (base 9) to base 13.
-3
What is 1 (base 12) in base 13?
1
4 (base 7) to base 2
100
Convert -2232 (base 4) to base 12.
-126
What is 3 (base 11) in base 4?
3
311 (base 6) to base 4
1303
Convert 203 (base 6) to base 4.
1023
Convert 302 (base 10) to base 16.
12e
35 (base 15) to base 2
110010
What is -22202 (base 3) in base 8?
-354
What is -d8 (base 14) in base 12?
-13a
-48 (base 14) to base 13
-4c
What is 1030 (base 4) in base 15?
51
What is a0 (base 14) in base 8?
214
What is 25 (base 9) in base 2?
10111
-20 (base 5) to base 15
-a
Convert -2 (base 15) to base 10.
-2
Convert -5 (base 11) to base 6.
-5
What is 4 (base 9) in base 4?
10
-c9 (base 15) to base 13
-117
What is 45 (base 16) in base 3?
2120
What is -10 (base 2) in base 12?
-2
46 (base 7) to base 16
22
3 (base 8) to base 12
3
What is -248 (base 10) in base 5?
-1443
Convert -1 (base 16) to base 12.
-1
What is -6b (base 14) in base 15?
-65
Convert -b4 (base 13) to base 7.
-300
Convert 16 (base 15) to base 6.
33
What is -10002 (base 4) in base 16?
-102
-3 (base 5) to base 13
-3
Convert 122 (base 6) to base 4.
302
Convert 11 (base 2) to base 14.
3
10 (base 5) to base 6
5
20 (base 5) to base 12
a
-21 (base 6) to base 3
-111
Convert -27 (base 13) to base 2.
-100001
What is -a4 (base 15) in base 2?
-10011010
Convert -1101 (base 3) to base 10.
-37
What is 19 (base 16) in base 2?
11001
-31 (base 9) to base 8
-34
What is -9 (base 14) in base 4?
-21
Convert 6 (base 12) to base 13.
6
Convert 2 (base 10) to base 14.
2
Convert -11101 (base 2) to base 16.
-1d
Convert 143 (base 9) to base 12.
a0
Convert -7 (base 14) to base 13.
-7
Convert 3 (base 13) to base 15.
3
Convert -30 (base 7) to base 10.
-21
What is 2 (base 9) in base 8?
2
Convert 5 (base 7) to base 15.
5
Convert 341 (base 5) to base 12.
80
What is 5 (base 11) in base 7?
5
What is -10 (base 3) in base 10?
-3
Convert -18 (base 10) to base 8.
-22
Convert -13 (base 13) to base 8.
-20
What is b (base 12) in base 9?
12
Convert -159 (base 10) to base 13.
-c3
What is 102 (base 3) in base 11?
10
4 (base 7) to base 3
11
What is 65 (base 8) in base 13?
41
What is 18 (base 15) in base 5?
43
What is -c (base 15) in base 6?
-20
Convert 12 (base 8) to base 13.
a
-34 (base 13) to base 12
-37
-4 (base 11) to base 10
-4
4 (base 15) to base 9
4
-31 (base 9) to base 4
-130
What is 10000 (base 4) in base 16?
100
What is 260 (base 10) in base 5?
2020
317 (base 10) to base 6
1245
What is -3 (base 15) in base 8?
-3
Convert -3 (base 14) to base 4.
-3
11 (base 9) to base 16
a
-2 (base 14) to base 2
-10
5 (base 12) to base 2
101
What is 6 (base 7) in base 3?
20
What is -2 (base 7) in base 14?
-2
46 (base 12) to base 5
204
Convert 14 (base 7) to base 10.
11
What is -17 (base 9) in base 2?
-10000
Convert 2 (base 14) to base 6.
2
What is -22 (base 15) in base 7?
-44
Convert -21 (base 13) to base 7.
-36
5 (base 12) to base 13
5
Convert 5 (base 8) to base 13.
5
Convert -5 (base 12) to base 15.
-5
What is 1 (base 5) in base 15?
1
Convert 3 (base 13) to base 8.
3
What is 6 (base 13) in base 15?
6
What is -2 (base 16) in base 14?
-2
-11 (base 4) to base 9
-5
What is 56 (base 11) in base 9?
67
1000 (base 3) to base 2
11011
Convert -3 (base 4) to base 3.
-10
2 (base 16) to base 7
2
What is 51 (base 6) in base 3?
1011
What is 0 (base 2) in base 10?
0
45 (base 14) to base 5
221
18 (base 12) to base 10
20
81 (base 13) to base 5
410
11 (base 5) to base 7
6
Convert -4 (base 9) to base 10.
-4
What is -1 (base 10) in base 6?
-1
What is 4 (base 9) in base 5?
4
Convert -2 (base 3) to base 11.
-2
Convert -3 (base 4) to base 8.
-3
Convert 141 (base 10) to base 14.
a1
Convert 5 (base 7) to base 14.
5
What is -9 (base 13) in base 8?
-11
Convert 1 (base 6) to base 11.
1
-2 (base 15) to base 10
-2
-3 (base 5) to base 13
-3
What is 0 (base 16) in base 6?
0
What is 13 (base 9) in base 15?
c
4 (base 13) to base 14
4
What is -66 (base 13) in base 8?
-124
Convert 60 (base 9) to base 7.
105
What is 2 (base 4) in base 3?
2
Convert 11 (base 13) to base 9.
15
Convert -3c (base 14) to base 7.
-105
What is -4 (base 8) in base 7?
-4
Convert -b7 (base 14) to base 3.
-12222
Convert 21201 (base 3) to base 11.
17a
Convert -55 (base 6) to base 11.
-32
Convert 2 (base 12) to base 15.
2
Convert -3 (base 5) to base 2.
-11
-1011 (base 3) to base 12
-27
-5 (base 14) to base 7
-5
Convert -102100 (base 3) to base 16.
-132
What is -1 (base 4) in base 12?
-1
Convert 121 (base 3) to base 8.
20
What is 29 (base 10) in base 8?
35
200 (base 5) to base 6
122
What is -a (base 13) in base 2?
-1010
-6a (base 11) to base 8
-114
What is 100 (base 2) in base 13?
4
Convert -a5 (base 11) to base 7.
-223
What is -c (base 14) in base 15?
-c
3 (base 16) to base 3
10
What is -2221 (base 4) in base 3?
-20021
Convert -27 (base 12) to base 6.
-51
Convert -3 (base 16) to base 3.
-10
Convert -1d (base 16) to base 2.
-11101
Convert 14 (base 14) to base 12.
16
242 (base 6) to base 15
68
What is 11 (base 11) in base 12?
10
What is 38 (base 12) in base 10?
44
Convert 5 (base 10) to base 12.
5
-a (base 15) to base 11
-a
-2 (base 7) to base 5
-2
1123 (base 5) to base 11
139
-8 (base 14) to base 3
-22
1 (base 9) to base 16
1
Convert -2 (base 13) to base 14.
-2
What is 324 (base 5) in base 2?
1011001
What is 3 (base 4) in base 7?
3
What is -5 (base 12) in base 6?
-5
30 (base 6) to base 5
33
What is -2 (base 5) in base 11?
-2
-1 (base 15) to base 10
-1
6 (base 8) to base 13
6
What is -11 (base 4) in base 9?
-5
Convert 32 (base 8) to base 12.
22
-3 (base 14) to base 12
-3
What is -1 (base 6) in base 4?
-1
Convert -62 (base 7) to base 2.
-101100
Convert 6 (base 9) to base 2.
110
62 (base 7) to base 16
2c
303 (base 6) to base 16
6f
21022 (base 3) to base 15
d2
11 (base 11) to base 2
1100
Convert 1012 (base 3) to base 11.
2a
-34 (base 8) to base 15
-1d
What is 14 (base 15) in base 13?
16
What is -7 (base 10) in base 11?
-7
Convert 23 (base 7) to base 3.
122
31 (base 7) to base 12
1a
-5 (base 13) to base 16
-5
Convert 3 (base 11) to base 4.
3
Convert 47 (base 9) to base 12.
37
What is 1 (base 9) in base 11?
1
-2 (base 16) to base 7
-2
11000 (base 2) to base 13
1b
0 (base 10) to base 15
0
What is -2332 (base 5) in base 2?
-101010110
Convert 100 (base 4) to base 15.
11
24 (base 9) to base 8
26
What is 72 (base 16) in base 8?
162
Convert 134 (base 5) to base 12.
38
Convert 0 (base 13) to base 16.
0
Convert -4 (base 15) to base 7.
-4
What is 11 (base 7) in base 15?
8
Convert -52 (base 11) to base 7.
-111
What is 314 (base 5) in base 15?
59
What is 0 (base 10) in base 13?
0
-b (base 14) to base 3
-102
Convert 12 (base 12) to base 3.
112
Convert 2 (base 15) to base 14.
2
3 (base 16) to base 3
10
Convert -111 (base 4) to base 3.
-210
What is -5 (base 6) in base 13?
-5
-111 (base 5) to base 9
-34
-3 (base 12) to base 10
-3
What is 1 (base 8) in base 4?
1
1 (base 12) to base 7
1
10000011 (base 2) to base 15
8b
-163 (base 13) to base 9
-307
What is 0 (base 8) in base 4?
0
-2 (base 7) to base 13
-2
1444 (base 5) to base 12
189
What is a (base 12) in base 8?
12
-85 (base 15) to base 13
-98
What is 33 (base 14) in base 2?
101101
Convert 304 (base 6) to base 12.
94
Convert -c5 (base 13) to base 12.
-115
Convert 1000 (base 2) to base 13.
8
What is -23 (base 7) in base 12?
-15
Convert 2 (base 12) to base 11.
2
3 (base 5) to base 6
3
31 (base 12) to base 8
45
-3 (base 11) to base 2
-11
What is 2c (ba